the thousands digit of i(57)?
4
Suppose 4*o - 271 - 465 = 0. What is the units digit of o?
4
Let z(h) = -h**2 + h. Let s be z(1). Let u(r) = s*r - r + 5 - r. What is the units digit of u(-6)?
7
Let l(n) = -n**2 - n + 105. Let g be l(0). Suppose -g = h - 4*h. What is the tens digit of h?
3
What is the hundreds digit of (-9751)/(-35) + 2/20*4?
2
What is the tens digit of 3/(-15) + 4456/5 + 7?
9
Let n(f) be the first derivative of -47*f**2/2 - 2*f - 15. What is the units digit of n(-1)?
5
Let z = 1706 - -171. What is the hundreds digit of z?
8
Let x = -80 - -45. What is the units digit of (261/(-15) + 7)/(2/x)?
2
Let z(s) = s**2 + 9*s + 3. Let u(n) = -2*n**3 - 2*n**2 - 4*n - 4. Let w be u(-2). Suppose -39 = 5*k - v + w, -42 = 4*k - 2*v. What is the tens digit of z(k)?
1
Let b(d) = d**2 - d - 6. Let w = 37 - 31. What is the tens digit of b(w)?
2
Suppose 3*g = r + 3, g + 2 = 5. Suppose 5 = -f + r*f. What is the units digit of (-6)/(f/((-27)/6))?
7
Let j = -1540 + 3106. Suppose j = 13*z - 4*z. What is the tens digit of z?
7
Suppose 26*i + 410 = 28*i. What is the hundreds digit of i?
2
Suppose 4 = 5*g + 4*i, 16 = -g - 9*i + 4*i. Suppose -3*y + g*y - 40 = 0. What is the tens digit of y?
4
What is the units digit of 22/33*(-18099)/(-6)?
1
Suppose -4*b - 200 = -5*j, 5*j + b - 2*b - 215 = 0. What is the units digit of j?
4
Let o be 3 - (-3)/6*-4. Let y be (o - 0)/((-6)/18). Let d = y + 9. What is the units digit of d?
6
Suppose 4*x + 12 = -2*f, -x - 31 = 5*f - 1. Let r be (7 + 2)*(-2)/f. Suppose -11 = -r*z + 61. What is the units digit of z?
4
Let i = 286 - 130. What is the units digit of i?
6
Let u(l) = -l - 6. Let i be u(-11). Suppose -84 + 39 = -i*z. What is the units digit of z?
9
Let c(w) = -51*w**3 - 2*w**2 - w. Let o = 54 - 29. Suppose -5*y = o, -y = -u + 3*u + 7. What is the units digit of c(u)?
0
Let r = 1410 + -754. What is the units digit of r?
6
Let y = -9 + 17. What is the units digit of (y/10)/((-36)/(-1530))?
4
Suppose -2*x + 634 = 4*p - 240, 428 = 2*p - 2*x. What is the units digit of p?
7
Let v(h) = 311*h**3 + 3*h**2 - h - 1. What is the hundreds digit of v(1)?
3
What is the tens digit of 12 + -13 + 10*9?
8
What is the hundreds digit of (0 - -1)*(143 + 5)?
1
Let k = 550 - -165. What is the hundreds digit of k?
7
Let w(t) be the first derivative of 7*t**4/12 + t**3/6 + 2*t**2 - 6*t + 6. Let u(l) be the first derivative of w(l). What is the units digit of u(-3)?
4
Let l(b) = 2122*b**3 - b**2 - 14*b + 13. What is the hundreds digit of l(1)?
1
Let m be (-2)/(-2 - -4) - -5. Suppose 0 = 3*b - m*v - 17 - 55, -4*b - 3*v = -71. What is the tens digit of b?
2
Suppose -18 = -14*p + 5*p. Let r = 4 + -2. Suppose r*i + 2*u - 21 = -i, 5*i + p*u - 35 = 0. What is the units digit of i?
7
Suppose -3*u = -4*j - 1168, -j = -5*u + j + 1942. Suppose 0 = -4*a - 2*n - 3*n + u, -a - n + 98 = 0. What is the tens digit of a?
0
Let p = 26 - 6. Let n = 23 - p. Suppose n*o - 51 = -3*c + 2*o, 24 = 2*c + 4*o. What is the tens digit of c?
1
Let c be (-9)/((-3)/6*-9 - 3). What is the units digit of ((-16)/64)/((c/(-328))/(-3))?
1
Let q(h) = -4*h - 36. Let i be q(-9). Suppose i*f - 130 = -2*f. What is the units digit of f?
5
Let u(s) = s**3 + 15*s**2 - 4*s - 4. Let y be u(-14). Suppose 3*f - 186 = -3*t, -4*f = 4*t - 7*f - y. What is the tens digit of t?
6
Let o(q) = -q**3 - 11*q**2 - q - 8. Let w be o(-11). Let a = -11 - -16. Suppose -3*y + j = -j - 52, a*y - w*j = 85. What is the tens digit of y?
1
Let v(d) = -5*d - 2. Let x = -5 - -10. Suppose -24 = -2*s + x*s. What is the tens digit of v(s)?
3
Let d(q) = 5*q - 8. Let x be d(-12). Let k = -6 + 2. What is the units digit of 4/k + 3 - x?
0
Let x(a) = -a - 3. Suppose -3*n - 15 = -0*n. Let c be x(n). Suppose y = j - 20, -c*y = -j + 3*y + 20. What is the tens digit of j?
2
Let j be 5/((-20)/8) - -2. Suppose 5*l + f - 252 = j, 3*l + 0*l - 162 = 3*f. What is the tens digit of l?
5
Let o(i) = 4*i - 7. Let m be o(6). Let f = 25 + m. What is the tens digit of f?
4
Let r(b) = -5*b - 35. Let i(x) = 2*x + 18. Let m(k) = 5*i(k) + 3*r(k). Let c be m(-6). Suppose -3*v + c = 0, -4*v + 43 = 2*q - 15. What is the tens digit of q?
1
Let q be 47 - (-2)/3*-6. Suppose -5*a + q = 8. What is the units digit of a?
7
Suppose 4*r - 644 = 4*z, r - 2*z - 155 = -7*z. Suppose h - r = -4*h. Suppose 0 = 2*u - h + 2. What is the tens digit of u?
1
Suppose -293*s = -299*s + 3990. What is the hundreds digit of s?
6
Let f be -15 + 0 - (1 - 4). Let s = f - -21. What is the units digit of 39/s + 3/(-9)?
4
Let l = -180 + -99. Let z = -148 - l. What is the units digit of z?
1
What is the hundreds digit of (-146)/(2 - 120/56)?
0
Let w = 6 - 4. Suppose -2*y = 4*a + 12, y + 9 = -3*a - w*a. Let q(r) = -r. What is the units digit of q(a)?
1
Let z(l) = 10*l**2 - 2*l - 12. Let t be z(-4). Suppose 0 = -5*j + 7*j - t. What is the tens digit of j?
7
Let y = 2 + 2. Suppose -4*o = -2*t + 64, -y*o = t - 7*o - 33. What is the tens digit of t?
3
Suppose 3*b - 6 = -0*b. Suppose -b*r = -3 - 7. Suppose -19 + 79 = r*t. What is the units digit of t?
2
Let o = -1182 - -1728. Suppose 66 - o = -3*v. Suppose -v = -65*s + 61*s. What is the tens digit of s?
4
Let c(r) = -r + 109. Let t be c(0). Let v = 180 - t. What is the units digit of v?
1
Let i(y) = -y + 5. Let j be i(9). Let s be (-11)/((-4)/j) + 3. Let r = 22 + s. What is the units digit of r?
4
Suppose 4*z - 3*f + 0*f = 44, 0 = -2*z + 2*f + 24. What is the units digit of z?
8
Suppose -3*q + 7 = -17. Let n(t) = 8*t + 40. What is the hundreds digit of n(q)?
1
Let q = 626 + -304. Suppose -5*a - 132 = -q. Let m = 57 - a. What is the units digit of m?
9
Let w(j) = 5*j**2 + 4*j**2 + 4 - 5*j**2 - 13*j - 2 + j**3. What is the units digit of w(-5)?
2
Let g(m) = m**3 + 8*m**2 + 8*m + 10. Let t be g(-7). Suppose -5 = -t*z - 2*z. What is the tens digit of (z - 3) + 75 - 4?
6
Suppose -3*q = 5*r - 5096 - 2410, 0 = 3*q - 5*r - 7536. What is the hundreds digit of q?
5
Suppose -3*w = -0*w - 3. Suppose -2*m = -5 - w, 14 = 4*h + 2*m. What is the units digit of h?
2
Suppose 0*h + 3*q = h - 18, -5*h + 4*q = -35. Suppose 5*j = -0*x + 4*x + 4, -h*x + 8 = -j. What is the units digit of j?
4
Suppose -5*b + 6*b - 4 = 0. Let s(l) be the third derivative of l**5/12 - l**4/3 + l**3/2 + 4*l**2 - 5*l. What is the tens digit of s(b)?
5
Suppose -h - 10 = h, 0 = -o + 4*h + 20. Suppose -4*b - b + 55 = o. What is the tens digit of b?
1
Suppose 21*a - 46225 - 7514 = 0. What is the hundreds digit of a?
5
Let z(l) = -l**2 - 13*l - 3. Suppose -5*y = u + 150, -u = 4*y - 6*u + 120. Let k = 21 + y. What is the tens digit of z(k)?
3
Let x(y) = -5*y**3 - 2*y**2 - 3*y - 3. Let q(k) = -k**3 - 4*k**2 + 4*k - 7. Let t be q(-5). What is the units digit of x(t)?
5
Suppose -4*r = 3*s - 2, -1 = 5*r + 2*s - 0. Let x be (1 - 2) + 6/r. Let b(p) = -p + 6. What is the units digit of b(x)?
3
Suppose 0 = 3*z - 0*z - 12. What is the units digit of 6/z - (-222)/4?
7
Suppose 3*m - 2*j - 1294 = 4936, 0 = m - 4*j - 2080. What is the tens digit of m?
7
Let x be 1*6/21 - 12/(-7). What is the tens digit of 84*1 + (x - 4)?
8
Let b = 10459 - 4687. What is the thousands digit of b?
5
Let d(f) = -f**3 - 4*f**2 + 5*f + 3. Let u(g) = g**2 - 4*g - 5. Let r be u(4). Let q be d(r). What is the units digit of 3/(93/(-32) + q)?
2
Suppose -12 - 18 = l. Let g = 71 + l. What is the units digit of g?
1
Suppose -4*d + 363 = -3*d + 4*s, -1749 = -5*d + 2*s. What is the hundreds digit of d?
3
Suppose -4*x = 5*v - 0*v - 42, 0 = 3*v + 5*x - 33. Let t be 0*(2/(-4) + 1). Suppose t = 5*c - v*c + 22. What is the tens digit of c?
2
Let y(r) = -3*r**3 - 7*r**2 + 13*r + 5. What is the hundreds digit of y(-6)?
3
Let c = -71 - -67. What is the hundreds digit of (1 + c*1)*(-880)/15?
1
Let z = -25 - -27. Suppose 5*s + 10 = 0, -m + 193 = 2*m - z*s. What is the units digit of m?
3
Suppose 4*c = 2*m + 3*m + 25, 4*c = -m + 19. Suppose -4*p + c*a + 97 - 9 = 0, -3*p + 73 = -2*a. What is the units digit of p?
7
Let t(k) = -3*k**3 - 3*k**2 - 3*k - 5. Let s(d) = 4*d**3 + 3*d**2 + 3*d + 4. Let j(i) = 2*s(i) + 3*t(i). What is the units digit of j(-3)?
2
Let f = 2 + 8. Suppose -5*k + 0*k + f = 0. Suppose k*o - 82 = 4*t, -3*t + 163 = 5*o + t. What is the tens digit of o?
3
Suppose 3*d = -2*f + 6614, -2*d - 4528 = -2*f + 2086. What is t